ighest common factor of 8 and t?
2
Let w(k) = 2*k**2 - 10. Let u be w(4). Calculate the greatest common factor of 220 and u.
22
Suppose 18 = -2*p - 2. Let y = -1 - p. Let i be (-18)/((-34)/10 - -3). Calculate the greatest common divisor of y and i.
9
Let h be 0/(-14) - (2 + -106). What is the highest common divisor of 8 and h?
8
Let l be ((-5)/(-2))/(1/(-2)). Let p be (-2)/l - 726/(-10). Suppose -3*c - 3*d - 4 = -37, -d - p = -5*c. Calculate the greatest common factor of 154 and c.
14
Let x be (-6)/(-4)*1 + 1955/46. Calculate the greatest common factor of 33 and x.
11
Let v(j) = 14*j**2 + j. Let p be v(-1). Let k(i) = 16*i**2 + i - 1. Let w be k(2). What is the greatest common divisor of w and p?
13
Let t be 6/42 + (-22)/7. Let s be 1/((t/5)/(-3)). What is the greatest common divisor of 15 and s?
5
Suppose 0 = -2*z - 5*v + 8, 2*v - 16 = -4*z + 3*v. Suppose z*l + b - 6*b + 11 = 0, -5*l - 5*b = -20. Calculate the highest common divisor of l and 1.
1
Let s = -2 - -5. Let c = s - -3. Calculate the greatest common divisor of c and 30.
6
Let v be 1/(-3) + 250/30. Suppose -2*l + 2 = 2*h - 2, 3*h - v = -4*l. What is the highest common factor of 5 and l?
1
Let i = -166 - -184. Suppose -3*w = -4*j - 168, 0 = 2*j + 2*j - 4*w + 168. Let y = -24 - j. Calculate the greatest common factor of y and i.
18
Let i be (7/2)/((-1)/(-10)). Let h(k) = k**2 + 7*k + 7. Let n be h(-7). Calculate the highest common divisor of i and n.
7
Let w be (3/(-2))/((-1)/18). Let m(l) = l**3 + 13*l**2 + 11*l - 3. Let a be m(-12). Calculate the greatest common factor of a and w.
9
Let j = -31 + 57. Calculate the greatest common divisor of 39 and j.
13
Let z(o) = -14*o - 1. Let g be z(-1). Let t = g + -3. Let l(a) = a - 5. Let j be l(7). What is the highest common divisor of t and j?
2
Suppose w + 8*f = 3*f - 25, -5*f - 25 = 5*w. Let t = 2 + w. Let d = 4 - 0. Calculate the greatest common factor of d and t.
2
Let c(k) = k**2 - 8*k + 2. Let s be c(8). What is the highest common factor of 2 and s?
2
Suppose 6*n - n + 15 = 0, -h - 3*n = 3. What is the highest common divisor of 54 and h?
6
Suppose 4*c - 23 = -3*u, 2*c - 5*u = -2*u + 25. Calculate the greatest common divisor of c and 20.
4
Let t = -69 + 78. Calculate the greatest common factor of t and 279.
9
Suppose 0 = 3*l - 2*i - 54 + 13, -5*i = -2*l + 9. Calculate the greatest common divisor of l and 119.
17
Let k = 2 + 9. Let c = 50 + -17. What is the highest common divisor of k and c?
11
Let j be 1/(-2)*(-3 + -7). Suppose 274 + 441 = j*i. Calculate the highest common factor of 13 and i.
13
Let g(w) = -4*w - 1. Suppose -4*o - o = -5*d - 60, 4*d - o = -39. Let u be g(d). Calculate the greatest common divisor of 14 and u.
7
Let l be (-3)/(((-12)/5)/4). Suppose -2*z + 4 = 0, -u - 5*z + 13 = 2*u. Calculate the greatest common factor of u and l.
1
Let y(a) = -a - 5. Let s be y(-7). Let m be (36 + s)/(6/3). What is the greatest common divisor of m and 76?
19
Suppose -2*j - 34 = -2*b, 3*j + 39 - 10 = 2*b. What is the highest common factor of 2 and b?
2
Let i be (8/6)/(6/45). What is the greatest common factor of i and 50?
10
Let n(t) = -t**3 + 6*t**2 + t - 1. Let c be n(6). Suppose -3*f + 3 = 4*p - 0, 0 = -c*p. What is the highest common factor of 8 and f?
1
Let v be 3*(140/3)/7. Let b(a) be the first derivative of -a**2/2 + 18*a + 1. Let s be b(8). Calculate the greatest common factor of v and s.
10
Let c be (1 - 4)*1/(-1). Calculate the highest common factor of 6 and c.
3
Suppose -5*c + 14 = 2*w, w + 15 = -2*c + 5*c. Suppose -c*v + 0*v + 360 = 0. Suppose 2*s - v = s. Calculate the greatest common factor of 9 and s.
9
Suppose 3*p = p + 100. Calculate the highest common divisor of p and 20.
10
Suppose 4*a = -8 + 44. Let x be 18/45*(15 - 0) - 0. Calculate the greatest common divisor of x and a.
3
Let w = 5 + 28. Let h be (-34)/(-6) + 8/(-12). Suppose -l = 5*a + 5 - 21, h*a - 2*l - 13 = 0. What is the greatest common factor of a and w?
3
Suppose -330 = -5*y - 2*z, -4*z = -4*y + z + 231. Calculate the greatest common factor of y and 16.
16
Let a(o) = 3*o**2 - 11*o - 18. Let d be a(9). What is the greatest common divisor of d and 14?
14
Let u(k) = k**3 - k - 41. Let q be u(0). Let x = q + 58. Calculate the highest common factor of x and 119.
17
Let m = -18 + 23. Suppose 4*k = -35 + 235. Calculate the greatest common factor of m and k.
5
Suppose 5*o - 3*d = -52 + 437, -2*d - 390 = -5*o. Calculate the greatest common factor of 40 and o.
40
Suppose -t + 2*t = 3*j - 19, -2*j + 2*t + 14 = 0. What is the greatest common factor of 4 and j?
2
Suppose 20 = 2*b - 4*u, -2*u = 3*b + 3*u - 41. What is the highest common divisor of 84 and b?
12
Suppose 4*j + 12 + 23 = i, 0 = -i + 2*j + 35. Calculate the highest common divisor of 385 and i.
35
Suppose -2*t + 3*t = 11. Calculate the highest common divisor of 33 and t.
11
Suppose 6*b = 2*b + 364. Calculate the highest common divisor of 13 and b.
13
Let h(p) = p + 1. Let f(g) = 7*g - 14. Let w(z) = -f(z) - 4*h(z). Let n be w(-7). Calculate the greatest common divisor of n and 29.
29
Let t(s) = s**2 - s. Let o be t(3). Suppose 6*u + 3 = 7*u. Calculate the highest common divisor of o and u.
3
Suppose -5*f - 4 = -24. Let r(i) = -i**3 - 4*i**2 + 10*i + 8. Let q be r(-6). What is the greatest common factor of f and q?
4
Let x(u) = 0 + 6 + u + 0*u - 3. Let t be x(2). Suppose 6 = -2*q, 6 = 5*r - 3*q - 8. What is the highest common divisor of t and r?
1
Let q be ((-2)/(-6))/((-1)/(-27)). Let p be (2/(-6))/((-1)/q). Suppose o + 2 = -4*t, -p*o - 3*t = 2*t - 22. What is the greatest common divisor of o and 21?
7
Let z(b) be the first derivative of b**4/4 - b**3/3 - b**2/2 + 10*b + 5. Let v be z(0). What is the highest common divisor of 110 and v?
10
Let o = 71 - 68. What is the greatest common divisor of 15 and o?
3
Let g(s) be the first derivative of s**3/3 - s**2/2 - 5*s - 1. Let z be g(-5). Let l = 13 - 8. Calculate the greatest common divisor of z and l.
5
Suppose 2*z = 6*z - 44. What is the highest common factor of z and 121?
11
Let f = -53 + 80. What is the greatest common divisor of 189 and f?
27
Let y(z) = z**2 - 4*z - 13. Let v be y(11). What is the greatest common factor of 32 and v?
32
Suppose 0 = -f + 4*f. Suppose f*p - 2*p = -30. What is the highest common factor of p and 30?
15
Suppose 0*s + 1 = s, -2*m - 3*s = -99. Suppose -2 = a - 0*a. Let z be -32*(-2)/(-4)*a. Calculate the greatest common divisor of z and m.
16
Suppose -5*l - 27 - 43 = 0. Let b = l - -29. Suppose 0*k + k = 105. Calculate the highest common divisor of k and b.
15
Let l(z) = z + 6. Let h be l(-3). Suppose 3*f - 9 = 6. Suppose -f*s + 24 = -21. What is the highest common factor of h and s?
3
Let u(h) = -h + 15. Let a be u(13). What is the greatest common factor of a and 8?
2
Let v = 118 + -44. What is the greatest common divisor of 185 and v?
37
Let i(t) = -t**3 + 16*t**2 - 16*t - 16. Let v be i(12). What is the greatest common divisor of v and 16?
16
Let z be (0 - -32) + 1/(-1). Let j = z + -14. Calculate the greatest common factor of 68 and j.
17
Let t be 464/3 - 2/3. Suppose 53 = 4*z - j, 5*z - 29*j = -32*j + 79. Calculate the greatest common divisor of z and t.
14
Suppose 4*m + 1 = 37. Suppose -6*d + 167 = -103. Calculate the greatest common divisor of d and m.
9
Suppose 0 = 5*r - 1 - 24. Suppose x - r*x - 260 = -3*c, 2*c = -x + 177. What is the greatest common factor of 11 and c?
11
Let b(m) = 2*m**2 + m - 1. Let d be b(-2). Let y be (d/(-3))/((-2)/(-6)). Let s be (-36)/(-10) + (-2)/y. Calculate the highest common factor of s and 4.
4
Let c be (-278 + 1)/(-1) + 3. Let x be (24/10)/(42/c). Calculate the greatest common factor of 144 and x.
16
Let j = 25 - 17. Let s be (-5 + j)/(3/4). What is the highest common factor of 6 and s?
2
Let k = 56 + -47. Suppose -4*l - 35 = -9*l + c, -25 = 5*c. What is the highest common factor of l and k?
3
Suppose 11*z - 10*z - 10 = 0. What is the greatest common divisor of 50 and z?
10
Let b = 8 - 14. Let t be (-3)/(0 + b/4). What is the highest common factor of 6 and t?
2
Let r = -142 - -72. Let l be (-9)/(r/23 - -3). Calculate the greatest common divisor of l and 23.
23
Let c(o) = -o + 3. Let t be c(-4). Let k(x) = 19*x - 13. Let i be k(t). What is the greatest common factor of 24 and i?
24
Let p = 1 